{"id":3552,"date":"2021-03-01T20:40:12","date_gmt":"2021-03-01T20:40:12","guid":{"rendered":"https:\/\/esegurocorretora.com.br\/?page_id=3552"},"modified":"2021-04-06T15:29:17","modified_gmt":"2021-04-06T15:29:17","slug":"sobre-nos","status":"publish","type":"page","link":"https:\/\/esegurocorretora.com.br\/sanglard\/sobre-nos\/","title":{"rendered":"Sobre n\u00f3s"},"content":{"rendered":"<p>[vc_row full_width=&#8221;stretch_row_content_no_spaces&#8221; equal_height=&#8221;yes&#8221; css=&#8221;.vc_custom_1570118040643{padding-right: 5px !important;padding-left: 5px !important;background-color: #ffffff !important;}&#8221;][vc_column width=&#8221;1\/2&#8243; css=&#8221;.vc_custom_1569603448316{margin-top: 0px !important;margin-right: 0px !important;margin-bottom: 0px !important;margin-left: 0px !important;padding-top: 159px !important;padding-right: 45px !important;padding-bottom: 145px !important;padding-left: 45px !important;background-color: #ffffff !important;}&#8221;][vc_custom_heading text=&#8221;Noite e dia presente em todas as suas conquistas&#8221; font_container=&#8221;tag:h3|font_size:45px|text_align:center|color:%23094daf|line_height:51px&#8221; use_theme_fonts=&#8221;yes&#8221; css_animation=&#8221;none&#8221; el_class=&#8221;heading-h1&#8243; css=&#8221;.vc_custom_1617037207730{margin-top: 0px !important;margin-bottom: 0px !important;}&#8221;][vc_column_text]&nbsp;<\/p>\n<p>&nbsp;<\/p>\n<p>Somos parte da franquia mais completa do Brasil em se tratar de neg\u00f3cios e servi\u00e7os, com mais de 300 op\u00e7\u00f5es para atender voc\u00ea, sua familia, sua empresa e seus bens, em parceria com mais de 80 das melhores companhias do Brasil e do Mundo.<\/p>\n<p>Com um nome consolidado no mercado, a \u00c9 Seguro cresce expressivamente a cada dia, se destacando no mercado nacional, com mais 300 unidades.<\/p>\n<p>Somos franqueados totalmente habilitados para melhor atende-los, s\u00e3o mais de 180 tipos de seguros, financiamento e refinanciamento de ve\u00edculos, cons\u00f3rcio, cr\u00e9dito consignado, plano sa\u00fade e odonto, telemedicina, planos assistenciais e clube de descontos.<\/p>\n<p>Cote gr\u00e1tis seu seguro, ou nos solicite atendimento, ser\u00e1 um grande prazer colaborar e fazer parte de uma vida mais segura para voc\u00ea.<\/p>\n<p>\u00c9 Seguro Corretora noite e dia presente em todas as suas conquistas.<\/p>\n<p>Sempre pensando na qualidade de vida de nossos cliente, associados e parceiros.<\/p>\n<p>A cada dia melhorando e facilitando o acesso aos nossos usu\u00e1rios, dando total acesso as informa\u00e7\u00f5es e cota\u00e7\u00f5es, pratica e r\u00e1pida.<\/p>\n<p>&nbsp;<\/p>\n<p>&nbsp;[\/vc_column_text]\r<!-- radiantthemes-custom-button -->\r<div class=\"radiantthemes-custom-button hover-style-one rt241659992  \"  data-button-direction=\"center\" data-button-fullwidth=\"false\" >Text on the button<\/div>\r<!-- radiantthemes-custom-button -->\r[\/vc_column][vc_column width=&#8221;1\/2&#8243; css=&#8221;.vc_custom_1614632314080{margin-top: 0px !important;margin-bottom: 0px !important;padding-top: 200px !important;padding-bottom: 200px !important;background: #0073f7 url(https:\/\/esegurocorretora.com.br\/wp-content\/uploads\/2021\/03\/sobre.jpg?id=3560) !important;background-position: center !important;background-repeat: no-repeat !important;background-size: cover !important;}&#8221;][\/vc_column][\/vc_row]<\/p>\n","protected":false},"excerpt":{"rendered":"<p>[vc_row full_width=&#8221;stretch_row_content_no_spaces&#8221; equal_height=&#8221;yes&#8221; css=&#8221;.vc_custom_1570118040643{padding-right: 5px !important;padding-left: 5px !important;background-color: #ffffff !important;}&#8221;][vc_column width=&#8221;1\/2&#8243; css=&#8221;.vc_custom_1569603448316{margin-top: 0px !important;margin-right: 0px !important;margin-bottom: 0px !important;margin-left: 0px !important;padding-top: 159px !important;padding-right: 45px !important;padding-bottom: 145px !important;padding-left: 45px !important;background-color: #ffffff !important;}&#8221;][vc_custom_heading text=&#8221;Noite e dia presente em todas as suas conquistas&#8221; font_container=&#8221;tag:h3|font_size:45px|text_align:center|color:%23094daf|line_height:51px&#8221; use_theme_fonts=&#8221;yes&#8221; css_animation=&#8221;none&#8221; el_class=&#8221;heading-h1&#8243; css=&#8221;.vc_custom_1617037207730{margin-top: 0px !important;margin-bottom: 0px !important;}&#8221;][vc_column_text]&nbsp; &nbsp; Somos parte da franquia mais completa [&hellip;]<\/p>\n","protected":false},"author":1,"featured_media":0,"parent":0,"menu_order":0,"comment_status":"closed","ping_status":"closed","template":"","meta":{"footnotes":""},"class_list":["post-3552","page","type-page","status-publish","hentry"],"_links":{"self":[{"href":"https:\/\/esegurocorretora.com.br\/sanglard\/wp-json\/wp\/v2\/pages\/3552","targetHints":{"allow":["GET"]}}],"collection":[{"href":"https:\/\/esegurocorretora.com.br\/sanglard\/wp-json\/wp\/v2\/pages"}],"about":[{"href":"https:\/\/esegurocorretora.com.br\/sanglard\/wp-json\/wp\/v2\/types\/page"}],"author":[{"embeddable":true,"href":"https:\/\/esegurocorretora.com.br\/sanglard\/wp-json\/wp\/v2\/users\/1"}],"replies":[{"embeddable":true,"href":"https:\/\/esegurocorretora.com.br\/sanglard\/wp-json\/wp\/v2\/comments?post=3552"}],"version-history":[{"count":2,"href":"https:\/\/esegurocorretora.com.br\/sanglard\/wp-json\/wp\/v2\/pages\/3552\/revisions"}],"predecessor-version":[{"id":3735,"href":"https:\/\/esegurocorretora.com.br\/sanglard\/wp-json\/wp\/v2\/pages\/3552\/revisions\/3735"}],"wp:attachment":[{"href":"https:\/\/esegurocorretora.com.br\/sanglard\/wp-json\/wp\/v2\/media?parent=3552"}],"curies":[{"name":"wp","href":"https:\/\/api.w.org\/{rel}","templated":true}]}}